t z(f) = -670*f - 5353. What is z(-8)?
7
Let h(z) = -6*z**2 + 394*z - 5474. Calculate h(20).
6
Let s(m) = m**2 + 40*m - 433. Calculate s(-45).
-208
Let d(k) = 55*k + 951. Calculate d(-16).
71
Let f(c) = 2*c**2 + 33*c + 255. Calculate f(-10).
125
Let f(h) = -h**3 + 9*h**2 + 17*h - 13. Give f(8).
187
Let z(c) = -4*c**2 - 7*c + 94. Give z(6).
-92
Let z(k) = -k**2 + 364*k + 10136. Determine z(-26).
-4
Let q(z) = -z**3 - 112*z**2 - 96*z + 1654. What is q(-111)?
-11
Let n(d) = -d**2 - 53*d + 4855. Calculate n(-101).
7
Let i(m) = 34*m**3 - 3*m**2 - 11*m - 7. Calculate i(-1).
-33
Let q(r) = -22*r - 61. Determine q(0).
-61
Let j(t) = t**2 - 1865*t - 22539. What is j(-12)?
-15
Let g(a) = -15*a - 6. Calculate g(0).
-6
Let c(n) = 5917*n - 94675. Calculate c(16).
-3
Let v(l) = -l**2 + 75*l - 1069. Determine v(57).
-43
Let n(y) = -y**2 + 74*y - 269. Calculate n(70).
11
Let x(j) = 1040*j + 13519. Determine x(-13).
-1
Let p(s) = 772*s - 4653. Give p(6).
-21
Let p(a) = a**2 + 404*a + 2391. What is p(-6)?
3
Let r(c) = c**3 + 11*c**2 - 3*c + 44. Determine r(0).
44
Let c(g) = -5*g**2 - 13*g - 12. Give c(-2).
-6
Let i(g) = 27*g**2 - 133*g + 12. What is i(5)?
22
Let p(v) = -7*v**3 - v**2 + 7*v - 3. What is p(0)?
-3
Let u(f) = f**3 - 15*f**2 + 27*f - 1. Determine u(13).
12
Let i(p) = 53*p + 845. Determine i(-16).
-3
Let i(s) = -1485*s + 16329. Give i(11).
-6
Let g(m) = m**3 + 25*m**2 - 60*m - 53. Determine g(-28).
-725
Let p(z) = -z**3 + 3*z**2 - 21*z + 19. Give p(8).
-469
Let o(l) = 91*l**2 + 21*l - 39. What is o(2)?
367
Let g(l) = l**3 + 26*l**2 - 33*l - 59. Give g(-27).
103
Let a(x) = -x**3 + 24*x**2 - 138*x + 2647. Determine a(23).
2
Let h(u) = -11*u**3 - 37*u**2 + 2*u + 7. What is h(-3)?
-35
Let a(s) = -7*s + 107. Determine a(20).
-33
Let l(n) = 7*n**3 + 27*n**2 - 2*n + 5. Give l(-4).
-3
Let d(a) = a**3 + 53*a**2 - 328*a + 1525. Determine d(-59).
-9
Let q(m) = -m**2 - 33*m + 3. Give q(-39).
-231
Let b(q) = q**3 + 19*q**2 + 73*q + 182. What is b(-15)?
-13
Let t(s) = s**2 + 37*s - 210. Calculate t(-41).
-46
Let s(f) = -f**3 + 15*f**2 - f - 16. Determine s(15).
-31
Let n(k) = 27*k - 88. Determine n(5).
47
Let x(g) = -g**2 + 276*g - 4183. What is x(16)?
-23
Let q(u) = 16*u + 1478. Give q(-66).
422
Let q(u) = -87*u**3 + u**2 - u + 2. Give q(1).
-85
Let u(i) = i**3 - 28*i**2 - 94*i - 79. Calculate u(31).
-110
Let c(y) = 242*y + 716. What is c(-3)?
-10
Let m(t) = 5*t**2 - 213*t + 81. Give m(42).
-45
Let o(g) = 9*g**2 + 30*g. Determine o(-3).
-9
Let l(r) = -r**3 + 76*r + 89. Determine l(9).
44
Let q(h) = h**3 - 24*h**2 - 48*h - 90. Give q(26).
14
Let i(p) = -3*p**2 + 45*p - 26. Give i(8).
142
Let k(x) = 9*x + 315. Give k(-44).
-81
Let z(o) = -26*o**2 - 6*o + 8. What is z(2)?
-108
Let i(s) = -6*s**3 + 7*s**2 - 9*s - 4. Give i(3).
-130
Let g(p) = 3*p + 95. Give g(-32).
-1
Let v(p) = -11*p**2 - 108*p + 1. What is v(-10)?
-19
Let i(u) = u**2 + 44*u + 32. Determine i(-20).
-448
Let z(b) = 250*b + 6752. What is z(-27)?
2
Let z(f) = -f**3 + 9*f**2 + 13*f - 111. Give z(9).
6
Let r(h) = -h**3 + 13*h**2 - 23*h - 16. Determine r(9).
101
Let y(n) = 234*n**2 - 699*n + 7. Calculate y(3).
16
Let c(r) = 36*r**2 + 132*r - 41. Calculate c(-4).
7
Let i(s) = -64*s - 1166. Determine i(-25).
434
Let w(j) = -26*j - 1295. Give w(-50).
5
Let s(u) = -2*u**3 + 21*u + 23. Give s(-5).
168
Let n(w) = -w**3 + 60*w**2 - 49*w - 584. Determine n(59).
6
Let l(s) = s**2 + 23*s - 21. Give l(-17).
-123
Let q(g) = g**3 + 69*g**2 + 203*g + 311. What is q(-66)?
-19
Let c(i) = 43*i**2 - 284*i + 230. Calculate c(1).
-11
Let w(l) = -145*l - 1174. Calculate w(-8).
-14
Let c(m) = -2*m**2 + 40*m + 173. Calculate c(24).
-19
Let a(u) = -u**3 - 12*u**2 + 551*u + 334. Calculate a(-30).
4
Let q(k) = k**2 + 32565*k + 293004. What is q(-9)?
0
Let s(u) = -u**2 + 2*u + 23. Calculate s(-3).
8
Let l(s) = -s**2 - 27*s + 198. Calculate l(8).
-82
Let f(b) = -16*b + 49. Calculate f(4).
-15
Let u(y) = -6*y**2 - 142*y + 10. Determine u(-23).
102
Let o(x) = -x**3 + 14*x**2 + 33*x - 30. Calculate o(16).
-14
Let a(k) = -81*k - 1859. Give a(-23).
4
Let c(q) = q**2 + 7*q - 2. Give c(0).
-2
Let n(t) = 12*t**2 + 131*t - 6. Determine n(-16).
970
Let a(l) = 713*l - 42785. Determine a(60).
-5
Let b(a) = 4*a**2 - 2*a - 174. Give b(9).
132
Let r(q) = -3*q**2 - 227*q + 81. Calculate r(-76).
5
Let n(p) = p**3 + 115*p**2 + 224*p - 231. Determine n(-113).
-5
Let x(d) = -3*d**2 + 45*d. Calculate x(14).
42
Let m(x) = -9736*x + 77900. Determine m(8).
12
Let t(w) = w**2 + 1974*w + 1973. Calculate t(-1).
0
Let c(l) = 2*l**3 + 9*l**2 - 15*l - 98. Calculate c(-6).
-116
Let m(n) = -299*n**3 - 5*n**2 - 58*n - 54. Determine m(-1).
298
Let y(z) = -4*z - 318. Give y(-86).
26
Let s(n) = n**3 - 53*n**2 - 232*n + 6. What is s(-4)?
22
Let k(u) = u**3 + 18*u**2 + 66*u + 138. Determine k(-14).
-2
Let h(z) = 3*z**2 - 17*z + 10. Calculate h(-7).
276
Let d(j) = -2*j**2 + 19*j + 204. Determine d(16).
-4
Let v(z) = 8*z**3 - 11*z**2 + 24. Give v(-2).
-84
Let u(a) = 24*a - 134. Calculate u(8).
58
Let f(u) = 18*u**2 + 70*u - 8. What is f(-4)?
0
Let s(k) = 18*k**2 + 3*k - 2. Determine s(2).
76
Let a(w) = -3*w**3 + 126*w**2 - 176*w - 2549. What is a(40)?
11
Let j(n) = 3*n**2 + 80*n + 311. What is j(-4)?
39
Let l(c) = 1998*c + 219773. Determine l(-110).
-7
Let g(d) = -2*d**3 - 24*d**2 - 5*d - 33. Calculate g(-12).
27
Let k(f) = 9*f - 413. Calculate k(46).
1
Let h(f) = -309*f + 308. Determine h(1).
-1
Let r(j) = 10*j**2 - 232*j + 46. Give r(23).
0
Let v(z) = 797*z - 51013. Give v(64).
-5
Let d(y) = 7*y**2 + 374*y - 374. Give d(1).
7
Let k(w) = w**2 + 135*w + 2583. Calculate k(-112).
7
Let l(i) = -94*i + 727. Calculate l(20).
-1153
Let g(m) = -m**3 - 4*m + 5. What is g(4)?
-75
Let g(z) = -57*z + 38. Give g(0).
38
Let r(l) = -394*l - 3145. What is r(-8)?
7
Let o(u) = -u**3 + 12*u**2 + 35*u - 50. What is o(15)?
-200
Let h(q) = -q**2 - 207*q + 22603. Determine h(-286).
9
Let u(q) = q**2 - 96*q - 1102. Calculate u(-10).
-42
Let y(v) = 226*v - 2029. Give y(9).
5
Let g(l) = 146*l + 4965. Determine g(-34).
1
Let n(j) = 96*j + 108. Determine n(2).
300
Let i(s) = 2*s**3 + 77*s**2 + 38*s - 150. Calculate i(-38).
-150
Let y(m) = 155*m - 6829. Give y(44).
-9
Let r(y) = 273*y - 2494. What is r(9)?
-37
Let h(w) = 7657*w + 61261. Determine h(-8).
5
Let y(h) = 428*h + 175061. What is y(-409)?
9
Let z(l) = l**3 - 2*l**2 + 8*l + 28. Determine z(-2).
-4
Let u(o) = -259*o + 7240. Determine u(28).
-12
Let k(p) = 1000*p - 37997. Give k(38).
3
Let b(d) = 931*d - 40977. What is b(44)?
-13
Let h(q) = 43*q - 112. Calculate h(3).
17
Let t(r) = 4*r**3 + 56*r**2 - 53*r - 44. What is t(-15)?
-149
Let u(s) = -s**2 - 165*s + 3920. Determine u(21).
14
Let c(q) = -20*q - 119. Determine c(-9).
61
Let i(g) = g**3 - 39*g**2 - 195*g + 976. What is i(43)?
-13
Let q(v) = -7*v**2 - 59*v - 119. What is q(-3)?
-5
Let o(b) = b**2 + 2*b + 56. What is o(6)?
104
Let g(i) = -i**2 - 155*i + 623. What is g(4)?
-13
Let s(y) = -11*y + 102. Determine s(8).
14
Let g(b) = 3*b**3 - 137*b**2 - 43*b - 27. What is g(46)?
111
Let t(q) = 29*q - 193. Calculate t(9).
68
Let x(j) = 21*j**3 - 20*j**2 + 10*j + 28. Calculate x(-1).
-23
Let n(f) = -f**3 + 9*f**2 - 12*f + 24. Give n(6).
60
Let h(z) = -z**2 - 58*z - 316. Calculate h(-6).
-4
Let r(y) = -3*y**3 + 19*y**2 + 2*y + 95. Give r(7).
11
Let a(v) = -11*v**3 + 217*v**2 + 292*v + 30. Calculate a(21).
-12
Let v(b) = 2*b**2 + 3695*b - 59627. Determine v(16).
5
Let h(j) = -4*j**2 - 6*j + 8. What is h(3)?
-46
Let j(h) = 17*h**3 + 7*h**2 + 17*h + 11. Calculate j(-1).
-16
Let j(k) = -25*k + 301. Determine j(12).
1
Let i(j) = -4*j**2 + 43*j - 31. Determine i(6).
83
Let j(b) = -40*b**2 + 2316*b + 219. Calculate j(58).
-13
Let o(c) = -c**2 - 18*c + 76. What is o(7)?
-99
Let j(i) = 191*i - 16269. Calculate j(85).
-34
Let y(p) = -6*p - 86. What is y(2)?
-98
Let t(i) = -225*i - 2399. What is t(-11)?
76
Let d(h) = -h**2 + 64*h - 124. Give d(63).
-61
Let b(x) = x**3 - 91*x**2 + 354*x + 6539. What is b(86)?
3
Let x(n) = 48*n - 12. Determine x(0).
-12
Let y(f) = -f**2 + 9*f + 49. Give y(15).
-41
Let o(s) = -s**2 - 60*s + 473. Give o(-67).
4
Let g(u) = -20*u**2 + 38*u + 206. Determine g(4).
38
Let t(h) = 18*h**3 - 39*h**2 + 40*h - 72. Calculate t(2).
-4
Let u(o) = -13*o**2 - 49*o - 9. Calculate u(-4).
-